digit of 605?
0
What is the units digit of 290?
0
What is the tens digit of 17649?
4
What is the units digit of 1261?
1
What is the hundreds digit of 193879?
8
What is the hundreds digit of 664?
6
What is the units digit of 13?
3
What is the hundreds digit of 4279?
2
What is the tens digit of 393?
9
What is the units digit of 4803?
3
What is the units digit of 574?
4
What is the units digit of 1763?
3
What is the tens digit of 8248?
4
What is the units digit of 3119?
9
What is the thousands digit of 16866?
6
What is the units digit of 31996?
6
What is the thousands digit of 85964?
5
What is the tens digit of 3224?
2
What is the tens digit of 247?
4
What is the hundreds digit of 1180?
1
What is the units digit of 38251?
1
What is the tens digit of 26968?
6
What is the ten thousands digit of 22358?
2
What is the hundreds digit of 3652?
6
What is the units digit of 10953?
3
What is the units digit of 18009?
9
What is the tens digit of 517?
1
What is the units digit of 14834?
4
What is the thousands digit of 46887?
6
What is the tens digit of 8892?
9
What is the tens digit of 2171?
7
What is the tens digit of 63482?
8
What is the tens digit of 61?
6
What is the thousands digit of 5500?
5
What is the ten thousands digit of 11219?
1
What is the tens digit of 1003?
0
What is the hundreds digit of 4652?
6
What is the thousands digit of 12093?
2
What is the ten thousands digit of 32656?
3
What is the tens digit of 1258?
5
What is the tens digit of 19281?
8
What is the tens digit of 1948?
4
What is the thousands digit of 4349?
4
What is the units digit of 8496?
6
What is the hundreds digit of 4830?
8
What is the thousands digit of 2374?
2
What is the tens digit of 38396?
9
What is the thousands digit of 7824?
7
What is the hundred thousands digit of 115965?
1
What is the units digit of 184048?
8
What is the thousands digit of 2612?
2
What is the units digit of 25965?
5
What is the ten thousands digit of 38509?
3
What is the hundreds digit of 24745?
7
What is the hundreds digit of 25867?
8
What is the units digit of 4795?
5
What is the thousands digit of 14288?
4
What is the units digit of 152?
2
What is the units digit of 7173?
3
What is the tens digit of 5134?
3
What is the tens digit of 25366?
6
What is the tens digit of 107?
0
What is the tens digit of 174195?
9
What is the units digit of 1036?
6
What is the hundreds digit of 134705?
7
What is the thousands digit of 33466?
3
What is the tens digit of 1613?
1
What is the tens digit of 17709?
0
What is the hundreds digit of 1030?
0
What is the tens digit of 12189?
8
What is the hundreds digit of 687?
6
What is the tens digit of 44918?
1
What is the units digit of 3466?
6
What is the tens digit of 13999?
9
What is the thousands digit of 26253?
6
What is the units digit of 555?
5
What is the tens digit of 37785?
8
What is the thousands digit of 3997?
3
What is the thousands digit of 2857?
2
What is the units digit of 10177?
7
What is the ten thousands digit of 15462?
1
What is the hundreds digit of 273?
2
What is the units digit of 8607?
7
What is the thousands digit of 11633?
1
What is the tens digit of 1572?
7
What is the units digit of 162?
2
What is the hundreds digit of 8782?
7
What is the hundreds digit of 331?
3
What is the tens digit of 369?
6
What is the tens digit of 1330?
3
What is the hundreds digit of 22168?
1
What is the hundreds digit of 15933?
9
What is the hundreds digit of 55241?
2
What is the units digit of 6481?
1
What is the tens digit of 7449?
4
What is the units digit of 14?
4
What is the thousands digit of 7791?
7
What is the hundreds digit of 5454?
4
What is the thousands digit of 28255?
8
What is the units digit of 9?
9
What is the tens digit of 62860?
6
What is the thousands digit of 16793?
6
What is the hundreds digit of 36056?
0
What is the units digit of 17111?
1
What is the ten thousands digit of 67164?
6
What is the hundreds digit of 8083?
0
What is the thousands digit of 52909?
2
What is the thousands digit of 15724?
5
What is the tens digit of 5916?
1
What is the tens digit of 34?
3
What is the hundreds digit of 1463?
4
What is the tens digit of 2784?
8
What is the hundreds digit of 24464?
4
What is the units digit of 1424?
4
What is the hundreds digit of 20713?
7
What is the units digit of 7731?
1
What is the thousands digit of 6304?
6
What is the hundred thousands digit of 108334?
1
What is the thousands digit of 4484?
4
What is the thousands digit of 1700?
1
What is the units digit of 16932?
2
What is the hundreds digit of 2237?
2
What is the ten thousands digit of 19162?
1
What is the units digit of 8911?
1
What is the thousands digit of 6167?
6
What is the tens digit of 80?
8
What is the units digit of 939?
9
What is the units digit of 7845?
5
What is the units digit of 1844?
4
What is the ten thousands digit of 18201?
1
What is the hundreds digit of 46710?
7
What is the units digit of 6927?
7
What is the tens digit of 3348?
4
What is the units digit of 8?
8
What is the units digit of 15548?
8
What is the thousands digit of 54578?
4
What is the tens digit of 3493?
9
What is the thousands digit of 6050?
6
What is the units digit of 36641?
1
What is the hundreds digit of 37270?
2
What is the tens digit of 10211?
1
What is the hundred thousands digit of 136928?
1
What is the tens digit of 28811?
1
What is the tens digit of 344?
4
What is the units digit of 420?
0
What is the tens digit of 830?
3
What is the thousands digit of 2050?
2
What is the units digit of 23916?
6
What is the hundreds digit of 776?
7
What is the hundreds digit of 10937?
9
What is the thousands digit of 4126?
4
What is the hundreds digit of 1042?
0
What is the units digit of 115?
5
What is the tens digit of 5373?
7
What is the ten thousands digit of 26706?
2
What is the thousands digit of 48319?
8
What is the units digit of 1128?
8
What is the units digit of 36505?
5
What is the tens digit of 7016?
1
What is the units digit of 1175?
5
What is the thousands digit of 5994?
5
What is the tens digit of 2401?
0
What is the tens digit of 983?
8
What is the units digit of 107388?
8
What is the thousands digit of 51677?
1
What is the hundreds digit of 407?
4
What is the tens digit of 13554?
5
What is the tens digit of 173?
7
What is the thousands digit of 4676?
4
What is the units digit of 27041?
1
What is the thousands digit of 1200?
1
What is the thousands digit of 79394?
9
What is the hundred thousands digit of 154499?
1
What is the thousands digit of 1696?
1
What is the hundreds digit of 773?
7
What is the units digit of 55028?
8
What is the thousands digit of 1160?
1
What is the thousands digit of 29978?
9
What is the hundreds digit of 35818?
8
What is the thousands digit of 4400?
4
What is the thousands digit of 5494?
5
What is the ten thousands digit of 19435?
1
What is the tens digit of 25348?
4
What is the ten thousands digit of 42753?
4
What is the ten thousands digit of 46600?
4
What is the thousands digit of 36522?
6
What is the tens digit of 2832?
3
What is the hundreds digit of 7937?
9
What is the units digit of 1661?
1
What is the thousands digit of 5140?
5
What is the thousands digit of 22941?
2
What is the ten thousands digit of 137791?
3
What is the hundreds digit of 971?
9
What is the hundreds digit of 3632?
6
What is the hundreds digit of 727?
7
What is the thousands digit of 4792?
4
What is the tens digit of 8677?
7
What is the hundreds digit of 53438?
4
What is the thousands digit of 15970?
5
What is the tens digit of 1531?
3
What is the tens digit of 1620?
2
What is the units digit of 2695?
5
What is the ten thousands digit of 11471?
1
What is the ten thousands digit of 18861?
1
What is the hundreds digit of 9470?
4
What is the units digit of 3176?
6
What is the hundreds digit of 24437?
4
What is the units digit of 1619?
9
What is the tens digit of 10766?
6
What is the units digit of 8313?
3
What is the ten thousands digit of 26716?
2
What is the tens digit of 6965?
6
What is the units digit of 547?
7
What is the thousands digit of 2587?
2
What is the units digit of 640?
0
What is the tens digit of 11370?
7
What is the thousands digit of 1565?
1
What is the tens digit of 4446?
4
What is the thousands digit of 3878?
3
What is the tens digit of 10443?
4
What is the hundreds digit 